{"id":1150,"date":"2022-02-26T14:05:07","date_gmt":"2022-02-26T14:05:07","guid":{"rendered":"https:\/\/www.bewa-group.de\/?page_id=1150"},"modified":"2022-02-26T14:39:38","modified_gmt":"2022-02-26T14:39:38","slug":"direktanfrage","status":"publish","type":"page","link":"https:\/\/www.bewa-group.de\/home\/direktanfrage\/","title":{"rendered":"BEWA Group Vertrieb kontaktieren"},"content":{"rendered":"\n<p class=\"has-black-color has-text-color\">F\u00fcllen Sie dieses Formular aus, damit wir mit Ihnen Kontakt aufnehmen k\u00f6nnen, um Ihre Fragen zu beantworten und Ihre Anforderungen zu besprechen.<\/p>\n\n\n\n<p class=\"has-black-color has-text-color\">M\u00f6gliche Themen:<\/p>\n\n\n\n<ul class=\"has-black-color has-text-color wp-block-list\"><li>Produktpreise<\/li><li>Produktvorf\u00fchrung<\/li><\/ul>\n\n\n<div class=\"wpforms-container wpforms-container-full wpforms-block\" id=\"wpforms-1149\"><form id=\"wpforms-form-1149\" class=\"wpforms-validate wpforms-form wpforms-ajax-form\" data-formid=\"1149\" method=\"post\" enctype=\"multipart\/form-data\" action=\"\/home\/wp-json\/wp\/v2\/pages\/1150\" data-token=\"7dd40a0f0eddf789d1cfbe39c5c6e83b\" data-token-time=\"1777028100\"><noscript class=\"wpforms-error-noscript\">Bitte aktivieren Sie JavaScript in Ihrem Browser, um dieses Formular fertigzustellen.<\/noscript><div class=\"wpforms-field-container\"><div id=\"wpforms-1149-field_11-container\" class=\"wpforms-field wpforms-field-select wpforms-field-select-style-classic\" data-field-id=\"11\"><label class=\"wpforms-field-label\" for=\"wpforms-1149-field_11\">Bitte w\u00e4hlen Sie zun\u00e4chst die Branche, zu der Sie einen Ansprechpartner suchen. <span class=\"wpforms-required-label\">*<\/span><\/label><select id=\"wpforms-1149-field_11\" class=\"wpforms-field-medium wpforms-field-required\" name=\"wpforms[fields][11]\" required=\"required\"><option value=\"Sonstiges\"  class=\"choice-7 depth-1\"  >Sonstiges<\/option><option value=\"Transport &amp; Logistik\"  class=\"choice-1 depth-1\"  >Transport &amp; Logistik<\/option><option value=\"Werkstatt\"  class=\"choice-8 depth-1\"  >Werkstatt<\/option><option value=\"Heizungstechnik \"  class=\"choice-4 depth-1\"  >Heizungstechnik<\/option><option value=\"Landwirtschaft\"  class=\"choice-2 depth-1\"  >Landwirtschaft<\/option><option value=\"Bahn- und Schienenverkehr\"  class=\"choice-3 depth-1\"  >Bahn- und Schienenverkehr<\/option><option value=\"Bau- und Stra\u00dfenbau\"  class=\"choice-9 depth-1\"  >Bau- und Stra\u00dfenbau<\/option><option value=\"Minen- und Berbgau\"  class=\"choice-10 depth-1\"  >Minen- und Berbgau<\/option><option value=\"Schifffarth\"  class=\"choice-11 depth-1\"  >Schifffarth<\/option><\/select><\/div><div id=\"wpforms-1149-field_5-container\" class=\"wpforms-field wpforms-field-text\" data-field-id=\"5\"><label class=\"wpforms-field-label\" for=\"wpforms-1149-field_5\">Firma <span class=\"wpforms-required-label\">*<\/span><\/label><input type=\"text\" id=\"wpforms-1149-field_5\" class=\"wpforms-field-medium wpforms-field-required\" name=\"wpforms[fields][5]\" required><\/div><div id=\"wpforms-1149-field_13-container\" class=\"wpforms-field wpforms-field-text\" data-field-id=\"13\"><label class=\"wpforms-field-label\" for=\"wpforms-1149-field_13\">Anschrift <span class=\"wpforms-required-label\">*<\/span><\/label><input type=\"text\" id=\"wpforms-1149-field_13\" class=\"wpforms-field-medium wpforms-field-required\" name=\"wpforms[fields][13]\" required><div class=\"wpforms-field-description\"> Stra\u00dfe + Hausnummer, PLZ und Ort<\/div><\/div><div id=\"wpforms-1149-field_14-container\" class=\"wpforms-field wpforms-field-select wpforms-field-select-style-classic\" data-field-id=\"14\"><label class=\"wpforms-field-label\" for=\"wpforms-1149-field_14\">Anrede <\/label><select id=\"wpforms-1149-field_14\" class=\"wpforms-field-medium\" name=\"wpforms[fields][14]\"><option value=\"Frau\"  class=\"choice-1 depth-1\"  >Frau<\/option><option value=\"Herr\"  class=\"choice-2 depth-1\"  >Herr<\/option><\/select><\/div><div id=\"wpforms-1149-field_0-container\" class=\"wpforms-field wpforms-field-name\" data-field-id=\"0\"><label class=\"wpforms-field-label\">Ansprechpartner <span class=\"wpforms-required-label\">*<\/span><\/label><div class=\"wpforms-field-row wpforms-field-medium\"><div class=\"wpforms-field-row-block wpforms-first wpforms-one-half\"><input type=\"text\" id=\"wpforms-1149-field_0\" class=\"wpforms-field-name-first wpforms-field-required\" name=\"wpforms[fields][0][first]\" required><label for=\"wpforms-1149-field_0\" class=\"wpforms-field-sublabel after\">Vorname<\/label><\/div><div class=\"wpforms-field-row-block wpforms-one-half\"><input type=\"text\" id=\"wpforms-1149-field_0-last\" class=\"wpforms-field-name-last wpforms-field-required\" name=\"wpforms[fields][0][last]\" required><label for=\"wpforms-1149-field_0-last\" class=\"wpforms-field-sublabel after\">Nachname<\/label><\/div><\/div><\/div><div id=\"wpforms-1149-field_1-container\" class=\"wpforms-field wpforms-field-email\" data-field-id=\"1\"><label class=\"wpforms-field-label\" for=\"wpforms-1149-field_1\">E-Mail <span class=\"wpforms-required-label\">*<\/span><\/label><input type=\"email\" id=\"wpforms-1149-field_1\" class=\"wpforms-field-medium wpforms-field-required\" name=\"wpforms[fields][1]\" spellcheck=\"false\" required><\/div><div id=\"wpforms-1149-field_3-container\" class=\"wpforms-field wpforms-field-text\" data-field-id=\"3\"><label class=\"wpforms-field-label\" for=\"wpforms-1149-field_3\">Telefon \/ Mobil <span class=\"wpforms-required-label\">*<\/span><\/label><input type=\"text\" id=\"wpforms-1149-field_3\" class=\"wpforms-field-medium wpforms-field-required\" name=\"wpforms[fields][3]\" required><\/div><div id=\"wpforms-1149-field_17-container\" class=\"wpforms-field wpforms-field-checkbox\" data-field-id=\"17\"><label class=\"wpforms-field-label\">Gew\u00fcnschte Kontaktaufnahme <span class=\"wpforms-required-label\">*<\/span><\/label><ul id=\"wpforms-1149-field_17\" class=\"wpforms-field-required\"><li class=\"choice-1 depth-1\"><input type=\"checkbox\" id=\"wpforms-1149-field_17_1\" name=\"wpforms[fields][17][]\" value=\"E-Mail Antwort gew\u00fcnscht\" required ><label class=\"wpforms-field-label-inline\" for=\"wpforms-1149-field_17_1\">E-Mail Antwort gew\u00fcnscht<\/label><\/li><li class=\"choice-2 depth-1\"><input type=\"checkbox\" id=\"wpforms-1149-field_17_2\" name=\"wpforms[fields][17][]\" value=\"Pers\u00f6nlicher R\u00fcckruf gew\u00fcnscht\" required ><label class=\"wpforms-field-label-inline\" for=\"wpforms-1149-field_17_2\">Pers\u00f6nlicher R\u00fcckruf gew\u00fcnscht<\/label><\/li><\/ul><\/div><div id=\"wpforms-1149-field_2-container\" class=\"wpforms-field wpforms-field-textarea\" data-field-id=\"2\"><label class=\"wpforms-field-label\" for=\"wpforms-1149-field_2\">Ihre Nachricht an uns <span class=\"wpforms-required-label\">*<\/span><\/label><textarea id=\"wpforms-1149-field_2\" class=\"wpforms-field-medium wpforms-field-required\" name=\"wpforms[fields][2]\" required><\/textarea><\/div><div id=\"wpforms-1149-field_10-container\" class=\"wpforms-field wpforms-field-gdpr-checkbox\" data-field-id=\"10\"><label class=\"wpforms-field-label\">DSGVO-Einverst\u00e4ndnis <span class=\"wpforms-required-label\">*<\/span><\/label><ul id=\"wpforms-1149-field_10\" class=\"wpforms-field-required\"><li class=\"choice-1\"><input type=\"checkbox\" id=\"wpforms-1149-field_10_1\" name=\"wpforms[fields][10][]\" value=\"Ich willige ein, dass meine \u00fcbermittelten Informationen zur Beantwortung meiner Anfrage gespeichert werden.\" required ><label class=\"wpforms-field-label-inline\" for=\"wpforms-1149-field_10_1\">Ich willige ein, dass meine \u00fcbermittelten Informationen zur Beantwortung meiner Anfrage gespeichert werden.<\/label><\/li><\/ul><div class=\"wpforms-field-description\">Die geltenden Datenschutzbestimmungen k\u00f6nnen unter <a href=\/datenschutz\/\">Datenschutzerkl\u00e4rung<\/a> abgerufen werden.<\/div><\/div><\/div><!-- .wpforms-field-container --><div class=\"wpforms-recaptcha-container wpforms-is-recaptcha wpforms-is-recaptcha-type-v2\" ><div class=\"g-recaptcha\" data-sitekey=\"6LdWKUYeAAAAABZ9qkSjIVPZhHMStXdezLGvNF2M\"><\/div><input type=\"text\" name=\"g-recaptcha-hidden\" class=\"wpforms-recaptcha-hidden\" style=\"position:absolute!important;clip:rect(0,0,0,0)!important;height:1px!important;width:1px!important;border:0!important;overflow:hidden!important;padding:0!important;margin:0!important;\" data-rule-recaptcha=\"1\"><\/div><div class=\"wpforms-submit-container\" ><input type=\"hidden\" name=\"wpforms[id]\" value=\"1149\"><input type=\"hidden\" name=\"page_title\" value=\"\"><input type=\"hidden\" name=\"page_url\" value=\"https:\/\/www.bewa-group.de\/home\/wp-json\/wp\/v2\/pages\/1150\"><input type=\"hidden\" name=\"url_referer\" value=\"\"><button type=\"submit\" name=\"wpforms[submit]\" id=\"wpforms-submit-1149\" class=\"wpforms-submit\" data-alt-text=\"Sending...\" data-submit-text=\"Senden\" aria-live=\"assertive\" value=\"wpforms-submit\">Senden<\/button><img decoding=\"async\" data-src=\"https:\/\/www.bewa-group.de\/wp-content\/plugins\/wpforms-lite\/assets\/images\/submit-spin.svg\" class=\"wpforms-submit-spinner lazyload\" style=\"--smush-placeholder-width: 26px; --smush-placeholder-aspect-ratio: 26\/26;display: none;\" width=\"26\" height=\"26\" alt=\"Wird geladen\" src=\"data:image\/svg+xml;base64,PHN2ZyB3aWR0aD0iMSIgaGVpZ2h0PSIxIiB4bWxucz0iaHR0cDovL3d3dy53My5vcmcvMjAwMC9zdmciPjwvc3ZnPg==\"><\/div><\/form><\/div>  <!-- .wpforms-container -->","protected":false},"excerpt":{"rendered":"<p>F\u00fcllen Sie dieses Formular aus, damit wir mit Ihnen Kontakt aufnehmen k\u00f6nnen, um Ihre Fragen zu beantworten und Ihre Anforderungen zu besprechen. M\u00f6gliche Themen: Produktpreise Produktvorf\u00fchrung<\/p>\n","protected":false},"author":1,"featured_media":0,"parent":0,"menu_order":0,"comment_status":"closed","ping_status":"closed","template":"","meta":{"footnotes":""},"class_list":["post-1150","page","type-page","status-publish","hentry"],"_links":{"self":[{"href":"https:\/\/www.bewa-group.de\/home\/wp-json\/wp\/v2\/pages\/1150","targetHints":{"allow":["GET"]}}],"collection":[{"href":"https:\/\/www.bewa-group.de\/home\/wp-json\/wp\/v2\/pages"}],"about":[{"href":"https:\/\/www.bewa-group.de\/home\/wp-json\/wp\/v2\/types\/page"}],"author":[{"embeddable":true,"href":"https:\/\/www.bewa-group.de\/home\/wp-json\/wp\/v2\/users\/1"}],"replies":[{"embeddable":true,"href":"https:\/\/www.bewa-group.de\/home\/wp-json\/wp\/v2\/comments?post=1150"}],"version-history":[{"count":0,"href":"https:\/\/www.bewa-group.de\/home\/wp-json\/wp\/v2\/pages\/1150\/revisions"}],"wp:attachment":[{"href":"https:\/\/www.bewa-group.de\/home\/wp-json\/wp\/v2\/media?parent=1150"}],"curies":[{"name":"wp","href":"https:\/\/api.w.org\/{rel}","templated":true}]}}